312323
Convert 22465 (base 10) to base 2.
101011111000001
What is ba29 (base 15) in base 13?
14c2b
What is 185 (base 15) in base 11?
299
1002 (base 3) to base 5
104
Convert -6a (base 13) to base 7.
-154
What is 34734 (base 9) in base 2?
101101010011101
4a (base 13) to base 5
222
Convert 8663 (base 10) to base 3.
102212212
Convert -1001 (base 7) to base 14.
-1a8
Convert -4123242 (base 5) to base 16.
-106fa
Convert 11414 (base 6) to base 15.
761
Convert -11000011 (base 2) to base 5.
-1240
Convert -2421 (base 5) to base 16.
-169
What is 1121112 (base 3) in base 5?
14200
What is -11100101010010 (base 2) in base 13?
-68aa
Convert 100001111101000 (base 2) to base 9.
25755
What is 102112 (base 3) in base 16?
137
1110020 (base 3) to base 9
1406
What is 22212 (base 8) in base 2?
10010010001010
What is 44dc (base 16) in base 2?
100010011011100
-4e2 (base 16) to base 8
-2342
-72b (base 13) to base 6
-5352
43101 (base 5) to base 6
21233
-1566 (base 15) to base 5
-121341
-388 (base 14) to base 8
-1304
What is -2814 (base 15) in base 11?
-6490
Convert 1244 (base 7) to base 6.
2105
Convert 39 (base 14) to base 2.
110011
Convert 165a4 (base 12) to base 10.
31948
Convert -866c (base 15) to base 3.
-1110000210
What is 10001110100 (base 2) in base 7?
3216
-22011 (base 4) to base 8
-1205
-a33a (base 14) to base 13
-ca20
What is -62340 (base 7) in base 2?
-11101110100011
Convert -123111 (base 6) to base 7.
-44146
What is 1101110000 (base 2) in base 15?
3da
What is -42041 (base 6) in base 16?
-1609
294 (base 12) to base 4
12100
What is -30323 (base 4) in base 13?
-4b8
Convert 413041 (base 5) to base 4.
3103101
-b95 (base 14) to base 12
-13a7
What is 111010000 (base 2) in base 6?
2052
What is -52602 (base 7) in base 14?
-4a39
What is -1403 (base 6) in base 10?
-363
What is 39868 (base 12) in base 7?
446204
Convert -1011001001 (base 2) to base 4.
-23021
What is 113041 (base 6) in base 11?
735a
6b4 (base 12) to base 13
5bc
-1927 (base 10) to base 14
-9b9
What is 134 (base 13) in base 8?
324
What is 11140 (base 5) in base 2?
1100011011
-221010 (base 3) to base 12
-486
103 (base 9) to base 14
60
Convert -49 (base 13) to base 6.
-141
2310222 (base 4) to base 6
125310
Convert 1000001000 (base 2) to base 13.
310
What is 13 (base 7) in base 16?
a
Convert 1202130 (base 4) to base 14.
2420
-3496 (base 12) to base 4
-1123302
What is -2e (base 15) in base 11?
-40
What is 1634 (base 10) in base 7?
4523
Convert 15c86 (base 13) to base 14.
11296
744 (base 14) to base 10
1432
-2f0 (base 16) to base 5
-11002
What is -3628 (base 9) in base 7?
-10604
-450 (base 11) to base 13
-326
-119c (base 16) to base 15
-1508
Convert -4505 (base 14) to base 12.
-6b09
Convert 51461 (base 7) to base 3.
122021012
ccb (base 13) to base 14
b2b
What is 54160 (base 7) in base 12?
7964
924 (base 14) to base 13
a82
Convert 2076 (base 13) to base 6.
32443
2f9 (base 16) to base 5
11021
Convert 1915 (base 13) to base 12.
21b4
What is -13330321 (base 4) in base 5?
-2020234
What is 3768 (base 9) in base 3?
10212022
Convert -1110 (base 11) to base 2.
-10110110111
What is -200021102 (base 3) in base 13?
-60aa
Convert -450 (base 10) to base 5.
-3300
33654 (base 9) to base 12
10b71
What is -211110 (base 3) in base 15?
-2a6
-1165 (base 10) to base 9
-1534
Convert 706 (base 14) to base 10.
1378
Convert -4a5 (base 15) to base 10.
-1055
What is -4115 (base 9) in base 16?
-bc3
Convert -13210 (base 5) to base 7.
-3035
Convert -746 (base 9) to base 10.
-609
What is -3610 (base 7) in base 10?
-1330
What is 702 (base 11) in base 16?
351
3034 (base 6) to base 12
47a
Convert a00 (base 16) to base 10.
2560
Convert -45444 (base 6) to base 9.
-8741
Convert 2433 (base 10) to base 15.
ac3
What is -300 (base 7) in base 4?
-2103
What is -561 (base 10) in base 6?
-2333
-2201 (base 3) to base 13
-58
What is 202121 (base 3) in base 2?
1000101100
-3115 (base 6) to base 9
-852
Convert 7ca (base 14) to base 12.
a92
c304 (base 14) to base 10
33520
What is -111010001011101 (base 2) in base 3?
-1111212022
-2155 (base 9) to base 12
-b05
Convert 14064 (base 8) to base 16.
1834
What is 100212 (base 4) in base 14?
55c
Convert 40 (base 5) to base 14.
16
What is 23252 (base 6) in base 11?
2570
What is -7363 (base 9) in base 10?
-5403
Convert -1122222 (base 3) to base 12.
-852
What is 57709 (base 10) in base 7?
330151
Convert -2274 (base 16) to base 15.
-2930
Convert -7200 (base 14) to base 12.
-b414
What is -394a (base 15) in base 5?
-342340
What is 12320 (base 4) in base 2?
110111000
What is 153 (base 12) in base 16?
cf
What is -8209 (base 11) in base 3?
-112221200
What is 111000000001 (base 2) in base 7?
13311
What is 2a6c (base 13) in base 2?
1100000011110
1155 (base 7) to base 10
432
-54c0 (base 13) to base 16
-2e29
Convert -23 (base 15) to base 9.
-36
What is 2003200 (base 4) in base 9?
12481
What is 2023 (base 7) in base 4?
22333
-31441 (base 6) to base 15
-13ed
-20411 (base 5) to base 12
-950
-2a3 (base 14) to base 12
-387
Convert a94 (base 11) to base 10.
1313
3b6b (base 16) to base 15
4791
212 (base 5) to base 10
57
What is 12230 (base 4) in base 12?
2b8
Convert -416 (base 11) to base 15.
-236
What is -2b2 (base 15) in base 6?
-2505
Convert 627 (base 9) to base 4.
13333
Convert -22221212 (base 3) to base 16.
-1982
What is 132202 (base 5) in base 4?
1102312
What is 110303 (base 4) in base 2?
10100110011
What is -1011110010001 (base 2) in base 4?
-1132101
cb3 (base 16) to base 2
110010110011
2023 (base 8) to base 15
498
What is 43117 (base 11) in base 2?
1111010011101000
What is 10001100110011 (base 2) in base 16?
2333
Convert -b01c (base 13) to base 6.
-304000
Convert 1111001111110001 (base 2) to base 4.
33033301
What is 7a (base 11) in base 3?
10020
365551 (base 7) to base 6
1233211
What is -130 (base 16) in base 6?
-1224
Convert 110141 (base 9) to base 3.
10100011101
What is -7a (base 12) in base 10?
-94
Convert -1179 (base 11) to base 12.
-a82
Convert -6031 (base 12) to base 8.
-24245
73631 (base 8) to base 5
1434432
What is -23560 (base 7) in base 14?
-2330
25620 (base 7) to base 16
1aa9
What is 1342 (base 6) in base 5?
2400
Convert -112125 (base 6) to base 7.
-36602
Convert 5478 (base 11) to base 9.
10816
Convert -3213 (base 4) to base 3.
-22120
Convert -19b91 (base 12) to base 16.
-945d
What is 2113a (base 11) in base 16?
7839
Convert -210120 (base 4) to base 8.
-4430
Convert 211010 (base 4) to base 14.
c16
What is 12556 (base 7) in base 15?
eed
Convert -98 (base 10) to base 9.
-118
What is 21023 (base 4) in base 11?
494
What is 2752 (base 8) in base 11?
1157
Convert 1529 (base 11) to base 3.
2200212
What is -453 (base 9) in base 15?
-19c
441 (base 9) to base 12
261
1a7 (base 15) to base 8
576
Convert 132a (base 11) to base 8.
3276
Convert -17522 (base 11) to base 2.
-110000000001011
1010010010110 (base 2) to base 15
1865
-cb4a (base 13) to base 12
-14451
401 (base 13) to base 12
485
-411304 (base 5) to base 9
-20250
b (base 12) to base 8
13
-a723 (base 11) to base 16
-3766
-2002112 (base 3) to base 2
-10111110110
What is -518 (base 13) in base 8?
-1542
Convert -4676 (base 11) to base 8.
-13765
What is 1012211211 (base 3) in base 16?
5d88
831 (base 9) to base 13
400
Convert 1855 (base 11) to base 4.
210313
Convert 3051 (base 6) to base 10.
679
Convert d485 (base 16) to base 9.
82560
-164 (base 16) to base 12
-258
Convert 205 (base 10) to base 14.
109
Convert -225 (base 9) to base 15.
-c5
26aa (base 16) to base 15
2ded
What is 62 (base 8) in base 10?
50
Convert -1202212 (base 3) to base 2.
-10100001100
Convert -76b (base 15) to base 12.
-b78
What is 33320 (base 4) in base 16?
3f8
What is 1024 (base 6) in base 10?
232
What is 2110210 (base 3) in base 11?
139a
Convert 25612 (base 7) to base 11.
5140
Convert -515 (base 7) to base 14.
-145
What is 3406 (base 7) in base 13?
739
Convert -1110110011110 (base 2) to base 3.
-101101211
-19b0 (base 13) to base 4
-330111
What is -2333 (base 6) in base 8?
-1061
Convert -10002 (base 3) to base 14.
-5d
Convert 1011021102 (base 3) to base 7.
123320
100100001010 (base 2) to base 5
33224
What is -77 (base 14) in base 11?
-96
What is -16767 (base 8) in base 16?
-1df7
-11011010110 (base 2) to base 9
-2354
411b (base 13) to base 7
35120
Convert 21323 (base 4) to base 16.
27b
What is 62d (base 15) in 